26 composite?
True
Is 2261205773 a prime number?
True
Is 1239162811 prime?
True
Is 51736551397 composite?
False
Is 629030399 prime?
True
Is 1562286071 a composite number?
True
Is 59311224593 a composite number?
True
Is 20481424993 prime?
False
Is 387007006322 prime?
False
Is 108587 a composite number?
False
Is 548627167 prime?
False
Is 2095304063 a prime number?
False
Is 4342374533 composite?
True
Is 135779790697 composite?
True
Is 88112956793 a composite number?
False
Is 29008282021 prime?
False
Is 10927795367 prime?
True
Is 431700811 a composite number?
False
Is 29651127811 prime?
False
Is 1157343293 composite?
False
Is 3576576541 composite?
True
Is 2552454671 prime?
False
Is 3659784253 a composite number?
True
Is 1189824499 a prime number?
False
Is 19426437469 a prime number?
False
Is 40330089097 a prime number?
True
Is 24657866 a composite number?
True
Is 460117997 a composite number?
True
Is 4660881521 a prime number?
False
Is 16468468391 prime?
False
Is 294671011 a composite number?
True
Is 56545855 composite?
True
Is 96389771097 prime?
False
Is 5919549401 composite?
False
Is 777784477 composite?
True
Is 9441154207 composite?
True
Is 50023871661 composite?
True
Is 3270216361 a composite number?
True
Is 27542807203 a composite number?
True
Is 163287511 a prime number?
False
Is 1012224287 composite?
False
Is 2963179529 composite?
False
Is 1137065047 composite?
True
Is 31220866301 a prime number?
False
Is 105932711 prime?
True
Is 5675520083 composite?
True
Is 97998041 prime?
False
Is 3342004129 a composite number?
True
Is 1421302061 prime?
True
Is 648163931 prime?
False
Is 4948002937 a prime number?
True
Is 8441616643 composite?
False
Is 7124459245 prime?
False
Is 4979465549 composite?
True
Is 606374107 composite?
False
Is 26607817829 composite?
False
Is 2293209069 a composite number?
True
Is 93784513841 a composite number?
False
Is 25626454811 composite?
True
Is 7249742953 a prime number?
True
Is 264197149 a composite number?
True
Is 2635212497 composite?
True
Is 355313603 a prime number?
True
Is 79498501 prime?
True
Is 132822427 a prime number?
False
Is 15876108793 a prime number?
True
Is 1873107517 composite?
True
Is 20101211281 a prime number?
False
Is 3107109959 prime?
True
Is 4641008969 a composite number?
True
Is 15779203313 a composite number?
True
Is 443358869 a prime number?
False
Is 1528724929 a prime number?
True
Is 2977609267 a prime number?
True
Is 875893793 composite?
False
Is 287175319 a prime number?
False
Is 84210083 a composite number?
False
Is 4349629307 a prime number?
False
Is 63400874743 composite?
True
Is 10369124203 a composite number?
True
Is 59726194357 prime?
False
Is 55220678759 composite?
False
Is 46300596281 prime?
True
Is 837425986 a prime number?
False
Is 80295817687 a composite number?
False
Is 13488560677 a prime number?
False
Is 10297397 a prime number?
False
Is 144076711 a prime number?
True
Is 49993897 a composite number?
True
Is 4348978849 composite?
True
Is 4209761593 composite?
True
Is 33948092501 prime?
True
Is 1071433261 a composite number?
False
Is 1795192153 composite?
False
Is 599928491 prime?
True
Is 657798059 a prime number?
True
Is 3117688787 composite?
False
Is 15607006351 a prime number?
True
Is 966853553 a prime number?
False
Is 141205724441 a prime number?
True
Is 8382170861 prime?
True
Is 15105620219 a composite number?
False
Is 19200508797 prime?
False
Is 54196318747 a composite number?
True
Is 3852405227 a prime number?
False
Is 1498699 a composite number?
True
Is 278529743 composite?
False
Is 142452400997 a composite number?
False
Is 6117247679 a prime number?
True
Is 16630429 prime?
True
Is 1105093309 prime?
False
Is 771077017 a composite number?
True
Is 99084273797 composite?
False
Is 6338828701 a composite number?
False
Is 2262726791 a prime number?
False
Is 65513283877 composite?
True
Is 1790858677 composite?
False
Is 151495420961 a prime number?
True
Is 3079217849 a prime number?
False
Is 58466231 composite?
False
Is 95054836319 a composite number?
False
Is 6176906621 composite?
True
Is 2412255223 a prime number?
False
Is 64781066279 a prime number?
False
Is 20746923523 a composite number?
False
Is 4236865601 prime?
True
Is 31521822083 a composite number?
True
Is 4215077731 a composite number?
True
Is 1479875399 composite?
True
Is 314435559 a composite number?
True
Is 7228021813 prime?
False
Is 1472400689 prime?
True
Is 21387207887 a composite number?
False
Is 23176615571 a composite number?
False
Is 5495385991 a prime number?
True
Is 12858698893 a composite number?
True
Is 7623865541 a composite number?
True
Is 1776099797 a prime number?
False
Is 211019951 composite?
False
Is 1015351781 a prime number?
False
Is 34432192351 prime?
False
Is 2558968199 a composite number?
False
Is 2689084579 composite?
False
Is 3333632689 a composite number?
True
Is 44355574103 a prime number?
False
Is 377996197 prime?
True
Is 3788436103 composite?
False
Is 134600060891 a prime number?
False
Is 141126481 a prime number?
False
Is 789671321 prime?
False
Is 66148210387 a composite number?
True
Is 884052889 composite?
False
Is 71033440139 a composite number?
False
Is 3561518039 a composite number?
True
Is 4661486897 prime?
False
Is 214598867 a composite number?
True
Is 2688354307 a prime number?
True
Is 1384185479 a composite number?
True
Is 13828115137 a composite number?
True
Is 1055952457 prime?
False
Is 1813417751 a composite number?
False
Is 75221149 a prime number?
False
Is 22807784401 a prime number?
False
Is 474776449 a prime number?
False
Is 368771881 a prime number?
False
Is 1103496127 composite?
True
Is 2659034369 prime?
True
Is 4362199723 a prime number?
False
Is 348767987 a composite number?
False
Is 327009119 a prime number?
True
Is 1089982193 a prime number?
False
Is 1140482177 prime?
False
Is 272643579193 a composite number?
True
Is 2805979087 composite?
False
Is 568050439 a composite number?
True
Is 128291847427 a composite number?
True
Is 1163447291 a composite number?
False
Is 653082137 a composite number?
False
Is 70942959263 composite?
True
Is 51851587187 prime?
True
Is 2472489059 prime?
True
Is 23494422409 a composite number?
True
Is 84101734397 a composite number?
False
Is 5465706599 a prime number?
False
Is 3848335427 a composite number?
False
Is 50045102377 composite?
False
Is 1550281247 prime?
True
Is 149008253 composite?
False
Is 5366750755 composite?
True
Is 38170425373 a prime number?
False
Is 2448161899 composite?
False
Is 390157813 composite?
False
Is 282036269245 prime?
False
Is 31900025909 prime?
True
Is 173602627 a composite number?
True
Is 16655077249 composite?
True
Is 8668540351 a prime number?
True
Is 9907557757 a prime number?
False
Is 15258490411 composite?
False
Is 10519118311 a composite number?
True
Is 10291649213 composite?
True
Is 14750619707 a prime number?
False
Is 6691582783 prime?
True
Is 123217607 composite?
True
Is 9763373995 a prime number?
False
Is 1252845827 a composite number?
False
Is 185667802239 composite?
True
Is 10390772569 prime?
True
Is 173986843183 composite?
True
Is 10814035423 prime?
False
Is 734126497 prime?
False
Is 308028997 a composite number?
True
Is 48706027723 prime?
True
Is 4791317969 composite?
True
Is 115716742579 a prime number?
True
Is 3731713883 a prime number?
True
Is 128002334561 a composite number?
True
Is 287057879 composite?
True
Is 36111157 prime?
True
Is 3171359 a prime number?
True
Is 3386665085 a prime number?
False
Is 65705779 prime?
False
Is 68684180627 a prime number?
False
Is 32609890123 composite?
False
Is 392645437 prime?
True
Is 19048971178 composite?
True
Is 24228399509 a prime number?
False
Is 13802423417 composite?
False
Is 60926772899 prime?
False
Is 91344931 prime?
True
Is 9217731769 a prime number?
False
Is 2246198131 a prime number?
True
Is 81435026993 a composite number?
True
Is 563834819 prime?
True
Is 96710573 composite?
True
Is 35103246329 composite?
False
Is 11783507 composite?
True
Is 229240055803 composite?
True
Is 2838316535 a prime number?
False
Is 5089971979 a prime number?
True
Is 20634924515 composite?
True
Is 1469223902 a composite number?
True
Is 74617338121 composite?
False
Is 31091630593 a prime number?
True
Is 61366771 composite?
False
Is 19106501483 a prime number?
False
Is 163769